 and 15.
3
Let x(o) = -o**3 + 6*o**2 - o - 5. Let a be x(5). Let b be (-13 - -11)*-5*2*3. What is the greatest common divisor of a and b?
15
Let i(z) be the second derivative of 5*z**4/12 - 5*z**3/6 + 5*z**2 - 3*z. Let b be i(7). Let j = 11 + 9. Calculate the highest common divisor of j and b.
20
Suppose 4*h - 2*h - 14 = 0. Calculate the highest common factor of h and 21.
7
Let y be 3/(-9) - (-42)/(-9). Let f = 2 - y. Calculate the greatest common factor of 42 and f.
7
Suppose 133*u - 138*u = -15. Calculate the highest common divisor of u and 15.
3
Suppose x + p = -x + 340, -4*x - 4*p = -688. Let s = -94 + x. Let t = s - 44. What is the greatest common divisor of 15 and t?
15
Let v = -53 - -57. Calculate the greatest common factor of 2 and v.
2
Let x be (2/(-3))/((-4)/18). Suppose 2*g + x*v = -v + 8, 0 = 3*g - 2*v - 4. Suppose -g = -2*y + 2. What is the highest common divisor of 1 and y?
1
Suppose -2*v + z + 4 = -v, -3*v + 16 = -5*z. Suppose 2*n + 5*c - 95 = -3*n, 22 = v*n - 2*c. Calculate the greatest common factor of n and 135.
15
Suppose 0 = 3*z - 289 + 109. Suppose -7*c + 3*c + z = 0. What is the greatest common factor of c and 15?
15
Let t be (2/(-10)*-3)/(4/140). What is the highest common factor of t and 7?
7
Let g(s) = -4*s - 4. Let j be g(-3). Suppose 2*o = -6, 8*k - 5*k - 3*o - 273 = 0. What is the greatest common divisor of k and j?
8
Let v = 15 - -1. Calculate the highest common divisor of 2 and v.
2
Suppose 3*l = -0*l + 12. Suppose -l*t + 28 = 2*f - 2*t, 3*f - t = 50. Calculate the greatest common divisor of f and 2.
2
Let l = -157 + 222. Calculate the greatest common divisor of l and 26.
13
Let i = 6 - 3. Suppose b + 4*b = 0. Let l = i + b. What is the greatest common divisor of l and 3?
3
Let x = 0 - 3. Let a = x + 11. Suppose -5*s = 0, -2*s + 32 = 4*q + 3*s. What is the highest common divisor of a and q?
8
Suppose -3*a + 5*a - 24 = 0. Let c = 28 - -2. What is the highest common divisor of a and c?
6
Suppose 3 = -10*m + 23. What is the greatest common divisor of m and 1?
1
Let m(w) = -w + 2*w**2 - 3*w**2 - 4*w. Let b be m(-4). Suppose 0 = -b*g - 0*g + 504. What is the greatest common divisor of 14 and g?
14
Let v be ((-148)/6)/(36/(-54)). What is the highest common divisor of 74 and v?
37
Suppose -c - 2 = 0, -f - 5*c + 2*c = -22. What is the greatest common divisor of 42 and f?
14
Let z = -137 + 142. Calculate the highest common divisor of 55 and z.
5
Let d be -2 - (1 + 6 - -1). Let p = -2 - d. Calculate the greatest common factor of p and 4.
4
Let h(c) = 2*c**2 + 4. Let k be h(2). Calculate the greatest common divisor of 96 and k.
12
Let k be 2 + 2 + -7 + 67. Calculate the highest common divisor of 16 and k.
16
Let y be (13/2)/(-1)*-2. Calculate the greatest common factor of 104 and y.
13
Suppose 5*d = -2*g + 60, 7*g + 4*d - 108 = 3*g. Calculate the greatest common factor of 10 and g.
5
Let b(n) = -n**3 - 6*n**2 - 2*n - 3. Let i be b(-7). Calculate the highest common divisor of 12 and i.
12
Suppose -2*t = 57 - 597. Suppose 0*p = -5*p + t. Calculate the highest common divisor of 6 and p.
6
Let b = 33 - 31. What is the highest common factor of 5 and b?
1
Let i = 140 - 100. Let k(a) = -3*a**3 + 2*a**2 - 1. Let p be k(1). Let c(r) = -7*r + 2. Let y be c(p). Calculate the greatest common factor of i and y.
8
Let a(d) = d**3 - 8*d**2 + d - 2. Let k be a(8). Let i(r) = 3*r**2 - r + 1. Let m be i(-2). What is the greatest common divisor of k and m?
3
Suppose 20*k - 22*k = -34. Calculate the greatest common factor of 85 and k.
17
Suppose -4*f + 3*f = -180. Calculate the greatest common factor of 72 and f.
36
Let v(p) = -p**3 - 9*p**2 - 9*p - 4. Let y be v(-8). Let g = 5 - y. What is the greatest common factor of 2 and g?
1
Let g(f) = f**2 - f - 2. Let t be g(5). Suppose d - 5*d = 2*k - 30, 2*k = 4*d + 6. Calculate the highest common divisor of k and t.
9
Suppose -5*h = -3*h - 48. What is the greatest common divisor of h and 96?
24
Let z be 176 + -1 - (4/(-1) + 3). Calculate the greatest common factor of z and 16.
16
Let d be 3 + -1 + (7 - 10). Let m(g) = -24*g + 1. Let j be m(d). Let l = -16 - -26. What is the highest common factor of j and l?
5
Suppose -2*y + 520 - 120 = 0. Suppose 4*s - 123 = 5*t - 409, 4*s = -4*t + y. Calculate the greatest common divisor of t and 18.
18
Let w(f) = f - 6. Let j be w(10). Let s = j + -1. Let d = 5 - 2. Calculate the greatest common factor of d and s.
3
Let l = 8 - 6. Calculate the greatest common factor of l and 4.
2
Suppose 0 = 2*y - 8. Suppose -r - r = -5*a - 57, y*r - 84 = 4*a. Let j = r - 1. What is the greatest common factor of 15 and j?
15
Let q = 12 + -5. Suppose -2*x - 3*x + 170 = 0. Let f = x + -20. What is the highest common factor of f and q?
7
Let j = 73 + -37. Suppose j = -0*v + 3*v - 3*x, 4*x = -5*v + 15. Let l = 5 - -44. What is the greatest common factor of v and l?
7
Suppose -14*b - 252 = -18*b. Calculate the highest common divisor of b and 7.
7
Suppose -9*x = -4*x - 55. What is the highest common divisor of 33 and x?
11
Let r be (20/(-3))/(1/(-9)). Calculate the highest common divisor of r and 24.
12
Let z be 846/42 + (-1)/7. Calculate the highest common divisor of z and 50.
10
Let s = 27 - 5. What is the highest common factor of s and 2?
2
Suppose -3*x = 2*q - 4 - 5, 20 = 4*q + 4*x. What is the highest common factor of q and 2?
2
Let d = -33 + 23. Let u be ((-1)/(-2))/((-1)/d). Suppose -4*h + 2*b + 183 = 5*b, -4*b - 221 = -5*h. Calculate the greatest common divisor of u and h.
5
Suppose -u - 2*n = -7 - 2, -16 = 4*u - 5*n. Let h = u + 13. Suppose 4*s - 2*m = -4*m + 34, -s + m = -4. What is the highest common divisor of s and h?
7
Let q = 32 - 23. Suppose 0 = -2*l + p, -l + 4*p + q = 8*p. What is the greatest common divisor of l and 8?
1
Let m be 6/(-4)*48/(-18). Suppose -3*z + 301 + 116 = j, 0 = z + 2*j - 144. Suppose -6 = -4*n + z. Calculate the greatest common divisor of m and n.
4
Let u be 12/((30/4)/5). Calculate the highest common divisor of 32 and u.
8
Suppose -208 = 7*y - 8*y. Let t be y/176 - 4/22. What is the greatest common divisor of t and 2?
1
Suppose -2*b + 10 = 3*b. Suppose -b*h = -h - 119. What is the highest common divisor of 17 and h?
17
Let v(z) = -13*z**3 + z**2 + 2*z + 1. Let n be v(-1). Suppose 3 = -a + 16. What is the greatest common factor of n and a?
13
Suppose -3*x + 207 + 3 = 0. Suppose 2*d = -1 - 1. Let f(w) = -11*w - 1. Let s be f(d). Calculate the greatest common factor of x and s.
10
Suppose 4*n + 3*p = 6*n - 126, -2*p = -4*n + 260. What is the highest common divisor of n and 44?
22
Let u(l) = 2*l**3 - 8*l**2 + l + 2. Let p be u(4). Calculate the highest common divisor of 2 and p.
2
Suppose -157 - 53 = -7*w. Calculate the highest common factor of 18 and w.
6
Suppose 3*n - 12 = 2*c, -4*n - c + 2 = c. Let z(d) = -d**3 - 2*d**2 + 5*d + 3. Let k be z(-3). Let j = n - k. Calculate the highest common factor of j and 15.
5
Suppose 5*m - 65 - 145 = 0. Calculate the greatest common factor of 112 and m.
14
Let c(v) = 2*v**2 - 3*v + 7. Let m = 9 + -4. Let i be c(m). Calculate the highest common factor of i and 28.
14
Suppose 3*i - 6 + 0 = 0. Suppose -150 = -3*m - 4*g, 5*g + 285 = 7*m - i*m. Let s = m - -11. Calculate the greatest common divisor of s and 26.
13
Suppose 64 = -4*q + 5*g, 0 = -2*g - 0*g + 8. Let x = 15 + q. Suppose 2 = 5*u + 2*m - 0, 4*m + 24 = x*u. What is the greatest common divisor of u and 2?
2
Suppose 0*y + 24 = 3*y + 3*a, -5*y = -3*a - 24. Calculate the greatest common factor of y and 9.
3
Let q = -59 + 111. What is the highest common divisor of 13 and q?
13
Let c be 26/(-4)*(-8)/(-4). Let k = -8 - c. Suppose 2*a = -5*v + 10 + 10, 5*a - 35 = -5*v. What is the highest common divisor of k and a?
5
Let v = -93 + 104. What is the highest common divisor of 22 and v?
11
Let h be 0 - 0/(4 + -1). Suppose 4*o + 5 - 1 = h. Let b be 2 - o - (-1 - -3). Calculate the greatest common factor of b and 2.
1
Let p be 16 - ((-1)/(-1) - 0). Let a be ((-6)/(-4))/((-6)/(-8)). Suppose -5*h + 1 - 21 = -2*u, h + 28 = a*u. Calculate the greatest common factor of p and u.
15
Let m be (-4)/(-1)*2/8. Suppose -3*x - 2 = 2*w, -4*w + 31 = -w - 4*x. Let i = m + w. What is the highest common divisor of 48 and i?
6
Suppose -i + 4*v = -6*i, -15 = -5*i - v. Suppose 3*x - 2*x = 